*2 + 310*g + 31. Give o(6).
19
Let l(r) = 182*r**2 - 1. Give l(1).
181
Let m(j) = -275*j + 540. Give m(2).
-10
Let o(t) = 12*t**2 + 4*t - 58. Determine o(-8).
678
Let x(o) = -o**3 + 13*o**2 - 13*o + 49. Determine x(12).
37
Let d(p) = -41*p - 1157. What is d(-28)?
-9
Let q(m) = 5*m**3 + 2*m**2 + 18*m + 118. Determine q(-5).
-547
Let l(c) = c**2 - 13604*c - 40816. What is l(-3)?
5
Let v(a) = 68*a + 3337. Give v(-49).
5
Let m(w) = w**3 + 17*w**2 - 24*w + 54. Calculate m(-18).
162
Let p(h) = -h**3 - h**2 + 766*h + 5. Give p(0).
5
Let p(w) = 4*w**2 + 23*w - 30. What is p(-6)?
-24
Let p(y) = -y**3 - 54*y**2 - 281*y + 438. Give p(-48).
102
Let v(i) = -i**2 + 314*i - 4760. Determine v(16).
8
Let p(y) = -3*y**2 + 9378*y + 18759. Give p(-2).
-9
Let i(b) = -7*b**3 + 5*b**2 - 9*b - 32. What is i(-3)?
229
Let d(z) = 2*z**3 + 24*z**2 - 23*z - 269. Give d(-12).
7
Let o(g) = -g**3 + 18*g**2 + g + 16. Calculate o(18).
34
Let k(u) = 7136*u + 107042. Calculate k(-15).
2
Let v(f) = -f**3 - 5*f**2 + 169*f + 1123. Calculate v(-12).
103
Let v(t) = -t**3 - 24*t**2 - 133*t - 70. Calculate v(-16).
10
Let d(i) = -154*i - 4633. Give d(-30).
-13
Let l(d) = 2*d**3 + 33*d**2 - 19*d + 4. Determine l(-17).
38
Let u(k) = 1605*k - 7990. Calculate u(5).
35
Let k(s) = -2*s**2 + 9*s - 14. Calculate k(5).
-19
Let a(b) = -2154*b - 4334. What is a(-2)?
-26
Let j(g) = 93*g - 1957. Calculate j(21).
-4
Let k(z) = 2*z**3 - 65*z**2 + 151*z - 27. Determine k(30).
3
Let f(q) = q**3 + 178*q**2 + 18*q + 3203. What is f(-178)?
-1
Let t(y) = -y**3 + 6*y**2 + 43*y + 15. What is t(10)?
45
Let g(k) = -2*k**2 - 151*k - 417. Calculate g(-70).
353
Let p(n) = 2*n**3 + 43*n**2 + 68*n + 993. What is p(-21)?
6
Let f(m) = -209*m + 8361. Give f(40).
1
Let r(s) = -s**3 + 30*s**2 - 32*s + 76. What is r(29)?
-11
Let n(m) = -72*m + 1164. Calculate n(16).
12
Let t(b) = 5*b**3 + 3*b**2 + 47*b + 90. Determine t(-2).
-32
Let o(d) = 945*d - 25508. Determine o(27).
7
Let i(x) = -75*x + 1075. Calculate i(14).
25
Let t(g) = 2*g**2 + 13*g + 9. Give t(-7).
16
Let j(l) = 546*l - 4347. Give j(8).
21
Let z(q) = 4*q**2 + 22*q + 6. Determine z(-9).
132
Let a(j) = -3*j**3 + 223*j**2 + 151*j - 71. What is a(75)?
4
Let o(f) = f + 76. Determine o(20).
96
Let a(g) = -2*g**3 + 10*g**2 + 12*g - 59. Determine a(6).
-59
Let m(g) = g**3 + 537*g**2 + 4235*g + 24. Calculate m(-8).
0
Let f(j) = -j**2 - 8*j + 35. Calculate f(17).
-390
Let q(g) = 255*g + 3474. Calculate q(-15).
-351
Let i(q) = -q + 545. Determine i(0).
545
Let o(u) = u**2 - 21*u + 12. Calculate o(19).
-26
Let z(f) = -f**2 - 49*f + 730. What is z(-61)?
-2
Let q(j) = 68*j + 445. Calculate q(-6).
37
Let v(g) = -24*g + 162. Calculate v(0).
162
Let k(y) = 149*y + 2111. Give k(-14).
25
Let v(k) = -8*k - 346. Calculate v(-39).
-34
Let h(g) = 17*g + 176. Determine h(6).
278
Let o(h) = 33*h**3 + 5*h**2 + h - 2. Calculate o(1).
37
Let t(x) = 45*x - 210. Calculate t(3).
-75
Let s(p) = p**3 - 89*p**2 + 1113*p - 32. What is s(15)?
13
Let m(i) = 2*i**2 - 101*i + 20. What is m(50)?
-30
Let w(p) = 5*p**3 + 2*p**2 - 13*p - 28. Calculate w(-2).
-34
Let c(o) = 1429*o + 8571. What is c(-6)?
-3
Let k(r) = -3*r**2 + 16*r + 71. Give k(8).
7
Let a(b) = 29*b - 126. Calculate a(2).
-68
Let z(s) = -s**3 - 502*s**2 - 3464*s + 489. Determine z(-495).
-6
Let d(r) = -1156*r + 11598. Determine d(10).
38
Let t(q) = -27*q + 862. Calculate t(32).
-2
Let q(h) = -11*h**3 - 17*h**2 - 2*h. Determine q(-1).
-4
Let m(s) = -s**3 + 10*s**2 + 29*s - 36. Give m(12).
24
Let p(y) = y**2 - 29*y - 5940. Determine p(93).
12
Let v(k) = -k**3 + 166*k**2 - 482*k - 26. Give v(3).
-5
Let b(t) = -t**2 + 76*t + 4488. Give b(-39).
3
Let c(r) = 491*r - 3435. Determine c(7).
2
Let d(w) = w**2 - 1071*w - 9740. Determine d(-9).
-20
Let x(f) = 35*f + 2796. Determine x(-85).
-179
Let r(t) = 113*t - 1576. What is r(14)?
6
Let u(v) = 38425*v - 1. What is u(0)?
-1
Let z(j) = -j**3 - 56*j**2 + 10*j + 573. What is z(-56)?
13
Let b(i) = -69*i - 2011. Give b(-29).
-10
Let z(o) = -o**2 + 97*o + 195. Give z(99).
-3
Let a(t) = 38*t + 538. Determine a(-14).
6
Let y(u) = u**2 + 130*u - 3871. Determine y(25).
4
Let s(v) = -3*v**3 - 30*v**2 - v - 11. What is s(-10)?
-1
Let v(r) = 4*r**2 - 38*r + 32. What is v(5)?
-58
Let g(r) = 23*r - 2143. What is g(117)?
548
Let a(j) = j**2 - 49*j - 2416. Determine a(78).
-154
Let w(n) = 6*n**3 - 427*n**2 + 72*n - 71. Calculate w(71).
0
Let t(i) = i**3 - 14*i**2 + i + 135. Give t(13).
-21
Let l(w) = 57*w + 35. Determine l(-2).
-79
Let b(k) = 4*k**2 - 84*k + 99. What is b(20)?
19
Let f(x) = -124*x + 256. What is f(2)?
8
Let v(c) = c**2 + 13*c - 93. What is v(5)?
-3
Let y(o) = o**3 + 12*o**2 + 16*o - 44. Give y(-10).
-4
Let s(m) = 8*m**2 + 311*m + 1491. Determine s(-5).
136
Let o(i) = -241*i - 974. Calculate o(-4).
-10
Let w(c) = 4584*c + 41213. Determine w(-9).
-43
Let j(c) = -c**3 + 57*c**2 + 110*c + 286. Determine j(59).
-186
Let g(m) = m + 202. Calculate g(-7).
195
Let f(n) = -66*n + 2. Determine f(4).
-262
Let c(p) = -276*p + 1736. Give c(6).
80
Let q(w) = -6*w**2 + 245*w - 1388. Calculate q(34).
6
Let s(q) = -965*q + 6756. Calculate s(7).
1
Let s(g) = -g**2 + 90*g + 11911. Give s(-73).
12
Let v(h) = 155*h**2 - 9145*h - 10. Give v(59).
-10
Let f(l) = -l**2 - 17*l + 106. Determine f(-24).
-62
Let v(l) = 7*l + 159. Give v(-9).
96
Let k(m) = -m**3 - 11*m**2 - 23*m - 7. Give k(-7).
-42
Let o(w) = 20*w**2 - 114*w + 59. What is o(5)?
-11
Let v(o) = -112*o**3 + 4*o**2 + 3*o + 3. What is v(-1)?
116
Let b(k) = -33*k + 93. Give b(5).
-72
Let l(m) = 2207*m - 6602. Give l(3).
19
Let z(k) = -29*k - 612. Determine z(-21).
-3
Let f(u) = -137*u - 1723. Calculate f(-13).
58
Let y(t) = -7873*t - 15741. Determine y(-2).
5
Let c(x) = 2*x**3 + 22*x**2 + 55*x + 6. What is c(-5)?
31
Let c(q) = -q**3 - 17*q**2 - 55*q + 31. Give c(-13).
70
Let g(c) = 2171*c + 6511. Determine g(-3).
-2
Let s(w) = -306*w + 622. Give s(2).
10
Let v(t) = -t**3 - 70*t**2 - 7*t - 539. Determine v(-70).
-49
Let m(s) = s**3 - 26*s**2 - 53*s + 4. Calculate m(28).
88
Let t(g) = -8*g**2 - 32*g + 104. What is t(-6)?
8
Let n(q) = -q**3 - 30*q**2 - 2*q - 54. Give n(-30).
6
Let p(k) = -488*k + 2445. What is p(5)?
5
Let k(u) = 146*u + 635. Determine k(-13).
-1263
Let p(t) = -5*t - 315. Give p(-61).
-10
Let m(f) = -f**2 - 5*f + 22. Calculate m(-5).
22
Let p(j) = -2*j**3 - 3*j**2 + 13*j + 64. Determine p(-4).
92
Let b(m) = -m**3 + 18*m**2 + 30*m - 201. What is b(19)?
8
Let p(y) = 15*y - 492. Determine p(32).
-12
Let k(i) = 5*i**3 + 10*i**2 - 11*i - 4. Give k(-4).
-120
Let y(j) = -2*j**3 - 6*j**2 + 6*j. What is y(-5)?
70
Let j(y) = 8*y**3 - y**2 + 2*y - 2. Give j(-2).
-74
Let s(m) = 3*m**3 + 14*m**2 + 14*m - 4. Calculate s(-3).
-1
Let t(c) = -c**3 - 14*c**2 - 18*c + 45. What is t(-13)?
110
Let n(t) = 2*t**3 - 25*t**2 + 17*t + 15. What is n(11)?
-161
Let i(m) = -m**3 + 14*m**2 + 140*m + 136. Determine i(21).
-11
Let q(v) = v**2 - 8*v + 6. What is q(6)?
-6
Let g(o) = 38*o - 279. What is g(10)?
101
Let u(d) = -d**3 + 21*d**2 + 100*d - 77. Give u(25).
-77
Let l(z) = -303*z + 2417. What is l(8)?
-7
Let i(g) = g**2 - 149*g + 4117. Give i(113).
49
Let c(a) = 20*a**2 + 289*a + 567. Give c(-2).
69
Let p(x) = -30*x**2 + 541*x - 33. Determine p(18).
-15
Let t(m) = -m**3 - 22*m**2 + 23*m - 23. Determine t(-23).
-23
Let w(f) = -9*f**2 + 76*f + 14. Calculate w(9).
-31
Let q(v) = -24*v + 207. Determine q(9).
-9
Let z(b) = 306*b**3 + 6121*b**2 - 8*b - 558. What is z(-20)?
2
Let u(o) = o**3 + 7*o**2 - 56*o - 200. Calculate u(-3).
4
Let o(t) = 3*t**3 + 32*t**2 - 7*t - 36. What is o(-11)?
-80
Let b(s) = -21*s + 346. What is b(23)?
-137
Let h(u) = -189*u. What is h(1)?
-189
Let h(c) = c**3 - 19*c**2 - 119*c - 6. Determine h(24).
18
Let q(u) = -77*u**2 - 9*u + 12. Calculate q(1).
-74
Let k(n) = -285*n - 2005. Give k(-7).
-10
Let i(b) = 90*b - 4764. Calculate i(53).
6
Let n(r) = -r**3 - 8*r**2 + 760*r + 194. Calculate n(24).
2
Let r(n) = n**3 - 31*n**2 + n - 114. Give r(31).
-83
Let x(h) = -2*h**2 + h + 42. Calculate x(-6).
-36
Let w(p) = -15*p**2 - 38*p + 80. Calculate w(5).
-485
Let i(q) = -15*q**3 + 4*q**2 - q + 13. Determine i(3).
-359
Let x(b) = -2*b**2 - 40*b - 74. What is x(-18)?
-2
Let h(s) = -2*s**3 + 31*s**2 - 56*s + 3. What is h(14)?
-193
Let m(y) = 2*y**2 + 632*y + 6112. Calc